 3*i + 4, 5*i - f = -5*q. What is the units digit of q?
7
Let u = 184 + -166. What is the tens digit of u?
1
Let m = 7486 - 5312. What is the thousands digit of m?
2
Suppose 2*l + 4*m - 4224 = 0, -m - 2103 = -4*l + 3*l. What is the hundreds digit of l?
1
What is the hundreds digit of (140/16)/((-3)/(-300))?
8
Suppose 4*t - 18 = 5*q + 3*t, 0 = 5*q + 5*t. What is the hundreds digit of q/((-9)/(-7))*24*-2?
1
Let o be (-248)/(-36) + (-1)/(-9). Suppose -68 = -o*r + 1003. What is the tens digit of r?
5
Let f = -2489 + 7404. What is the units digit of f?
5
Suppose -2*n - 5*u + 20 = 0, 3*n + u - 13 = 2*u. Suppose 0 = 2*o - n*j - 161, 0*o + j + 261 = 3*o. What is the tens digit of o?
8
Let x(a) = 68*a**2 - 6*a - 6. Let l be x(-3). Suppose -t = -4*w + l, -4*w + 5*t + 541 = -99. What is the tens digit of w?
5
What is the tens digit of 114/(-76)*(-8936)/6?
3
Let g be (1/(-2))/(1/112). Suppose 0 = -19*u + 15*u - 16. What is the units digit of (g/12)/(u/6)?
7
Let v(t) = t**2 - 9*t + 238. What is the thousands digit of v(-27)?
1
Suppose -292 = -4*n - 0*n + 2*q, 4*n + 3*q - 282 = 0. What is the tens digit of n?
7
Let t(d) = 2*d - 28. Let m be t(0). Let o = -24 - m. What is the tens digit of ((-4)/(-2))/(o/92)?
4
Let h(v) = 2*v**2 + 11*v + 12. Let m be (18/(-15))/(2/15). What is the tens digit of h(m)?
7
Suppose 0 = 2*g - g. Let a(k) = k**2 + 4*k + g*k + 2*k + 7. What is the units digit of a(-7)?
4
Let r be 20 - -1 - (1 - (-4)/2). Let z = 84 - r. What is the units digit of z?
6
Suppose 5*v + 2*o - 420 = 0, -2*v - 4*o + o = -168. Suppose -v*h + 86*h = 194. What is the units digit of h?
7
Suppose 0 = n + 5*h + 26, -4*h + 3*h - 5 = 0. What is the hundreds digit of (-6)/(-5)*260/(-3)*n?
1
Suppose -14*h + 18*h = 0. Suppose h = 4*s - 3*s - 179. What is the hundreds digit of s?
1
Let l = 36 - 29. Suppose -16 + 93 = l*x. What is the tens digit of x?
1
Let m(o) = -o**3 + 15*o**2 - 14*o + 3. Let z be m(14). Suppose t + 50 = z*t. What is the tens digit of t?
2
Let f(a) = -11*a - 13. Let o(r) = r - 1. Let y be o(-3). What is the units digit of f(y)?
1
Let f(i) = 20*i - 131. Let o be f(5). Let v be 3/(-9) + 34/3. Let j = v - o. What is the tens digit of j?
4
Suppose 3*y - 4*g - 727 = 0, 2*g - 472 = -4*y + 534. What is the tens digit of y?
4
Let r(a) = a**3 - 6*a**2 + 7*a. Let x be r(6). Suppose 2*z = 4*w + x, -26 = z - 2*z + w. What is the tens digit of z?
3
Let q(a) = a**3 + 43*a**2 + 74*a + 117. What is the hundreds digit of q(-41)?
4
Suppose 30*p = 23*p + 7. Let l(u) = 3*u**2 - 2*u + 3. Let x be l(-3). What is the units digit of (x + -8)/(3 - p)?
4
Let w = -18 - -32. What is the hundreds digit of 678/4*(-3)/((-63)/w)?
1
Let v = 13 + -11. Suppose -2*b + 18 = -0*b. Suppose v*n = -n + b. What is the units digit of n?
3
Suppose 0 = b - 3, -56 - 92 = -2*h + 4*b. What is the units digit of h?
0
Let j(a) = a**2 + 4*a + 8. Let f be j(-2). Suppose -o + 27 + 22 = f*q, 119 = 2*o + q. What is the units digit of o?
1
Let s = 19 - 11. Let p(j) = -j**2 + 8*j + 2. Let i be p(s). Suppose 2*b - 16 = -i*b. What is the units digit of b?
4
Let f(t) = 15*t**2 + t + 5. Let o(y) = -y**3 + 16*y**2 - 29*y + 17. Let u be o(14). What is the units digit of f(u)?
3
Let j(h) = -7*h + 293. What is the units digit of j(-33)?
4
Let d = 2939 - 1688. What is the tens digit of d?
5
Suppose -y = 2*c - 127, -4*c - 5*y = 28 - 291. Suppose -94 - c = 6*v. Let o = 41 + v. What is the tens digit of o?
1
Let g = 20 - 18. Suppose -g*u - 5*v = 0, u - 3*u = -4*v. Suppose u = 3*a - a - 72. What is the tens digit of a?
3
Let k(v) = -5*v**3 + 2*v + 5. Let h(a) = -a**3 - a**2 - a + 1. Let o(s) = -2*h(s) - k(s). What is the units digit of o(3)?
0
Let s(o) = -53*o - 222. What is the tens digit of s(-22)?
4
Let y = 181 - -272. What is the units digit of y?
3
Let n be (-6)/21 + (-94)/14. Let o = -17 - n. Let p = 25 + o. What is the tens digit of p?
1
Suppose 58*h - 53*h - 7248 = -4*b, -8 = -4*b. What is the hundreds digit of h?
4
Let p(r) be the first derivative of -1/4*r**4 + 7*r - 2/3*r**3 - 5 - 3/2*r**2. What is the units digit of p(-4)?
1
Let c be 2 + -14*4 + -3. Let w = c - -89. What is the tens digit of w?
3
Let i be 5/20 - (-34)/(-8). What is the tens digit of 3/((-6)/i) + 76?
7
Let g = -65 + 376. Suppose -m = -4*f + g, -2*m + 225 = 2*f + f. What is the tens digit of f?
7
What is the units digit of 18190/8 + (-198)/264?
3
Let d(l) = 9*l**2 - 2*l**2 + l - 2*l**2 - 6 + 17*l**3. Let j(s) = 8*s**3 + 2*s**2 - 3. Let a(r) = 3*d(r) - 7*j(r). What is the tens digit of a(-2)?
4
Suppose 3*p - j = 25, -4*p + 5*j + 11 + 15 = 0. Let n = 51 - p. What is the tens digit of (n/10)/((-3)/(-15))?
2
Suppose -4*j - 4 = -n, -2*n + 3*j = j - 20. What is the hundreds digit of n/(-15)*3*(-230)/3?
1
Suppose -3*z - n + 864 = -506, -4*z + n = -1829. What is the units digit of z?
7
Suppose 3*q + 4*d = 974, -3*q + 949 = -3*d + 2*d. Suppose -2*v - 4*v = -q. Let w = v - 18. What is the units digit of w?
5
Let d(o) = 4*o + 110. What is the units digit of d(12)?
8
Suppose -5*a + 996 = -a. Let l = -18 + a. Suppose 0 = -8*y + 3*y + 2*n + l, 5*y = 4*n + 237. What is the units digit of y?
5
Let x be -4 - (4 - 3 - 8). Let u(t) = -x*t - 5 - 12 + 7*t + 0. What is the units digit of u(6)?
7
Let l be (0/(7 + -11))/(3 + -2). What is the tens digit of (-6780)/(-45) - (l + (-2)/(-3))?
5
What is the hundreds digit of (12/9)/(((-28)/(-1650))/14)?
1
Let i = 3085 + -990. What is the units digit of i?
5
Let l(h) = 2*h**2 - 2*h - 6. Suppose -5 - 13 = -3*w. Suppose -5*d + 9 = -w. What is the units digit of l(d)?
6
Suppose -2*p + 768 + 704 = 0. What is the tens digit of p?
3
Let p be (-27)/6*48/(-3). Suppose d = -0*d, w = -2*d. Suppose p = -w*o + 4*o. What is the tens digit of o?
1
Let u(x) be the second derivative of 1/12*x**4 + 8*x + 1/2*x**2 + 0 - 2/3*x**3. What is the tens digit of u(6)?
1
Let z = -318 - -1127. What is the units digit of z?
9
What is the tens digit of 402*(4/(-7))/((-18)/21)?
6
Suppose 13*f = 12*f + 501. Suppose 0 = 20*c - f - 1979. What is the units digit of c?
4
Suppose 5*m - 800 = -100. Suppose 0 = 5*z - m - 150. What is the tens digit of z?
5
Suppose -2*b = -5*q - 13, 0*b + 39 = -4*b - 3*q. Let w be ((-4)/b)/(4/66). Suppose w*y + 26 = 12*y. What is the tens digit of y?
2
Let c(f) be the second derivative of 2*f**5/15 - f**4/6 - 7*f**3/6 + 2*f**2 - 9*f. Let q(p) be the first derivative of c(p). What is the units digit of q(3)?
3
Suppose -6 = 3*u, -2*f - 3*u - u = -1886. What is the tens digit of f?
4
Suppose -5*p + 1 = -4, -2*p = c - 2. Suppose 5*r = 5*t + 450, 0*t + 3*t = -4*r + 374. Suppose c = d + 3*d - r. What is the units digit of d?
3
Let k(z) = -81*z - 8. What is the units digit of k(-6)?
8
Let w(u) = u**2 - 6*u + 8. Let c(f) = 7*f**3 + f**2 - 1. Let m be c(-1). What is the units digit of w(m)?
9
Let v(a) = -a**3 - 6*a**2 + a + 9. Let r be v(-6). Suppose -4*g + 5*n + 3 = -9, -r*g = n - 9. What is the units digit of g?
3
Suppose -3*g - 5*v + 1951 = 0, -25 = -4*v - v. What is the tens digit of g?
4
Let n(c) = c**2 + c + 3. Let t be n(-2). Let d(m) = -2*m - m - 3*m - 5 - t. What is the tens digit of d(-6)?
2
Let p = 2930 + -2080. What is the units digit of p?
0
Let q(o) = -o**2 - 3*o. Suppose 4*h + 1 + 7 = 0. Let b be q(h). Suppose b*u = 26 - 4. What is the units digit of u?
1
Let o = -5038 + 8427. What is the hundreds digit of o?
3
Let d(y) = 2*y**2 + 49*y + 568. What is the hundreds digit of d(-37)?
4
Let j be (3/(-5))/((-9)/45). Let d(y) = 20*y**j + 34*y**3 - y**2 - 2 + 14*y - 12*y. What is the units digit of d(1)?
3
Let m = 194 - -332. Suppose -m - 299 = -5*d. What is the tens digit of d?
6
Let x(c) = c**3 - 6*c**2 + c + 4. Let o be x(6). Suppose -3*l + 0*n - 4 = n, l + 5*n = 22. Let y = l + o. What is the units digit of y?
7
Suppose 24 = 2*q + 3*d, 5*q + d = 2*d + 43. Let m = q - -14. What is the tens digit of m?
2
Suppose 3*x + 3*n = n + 104, 2*x + 2*n = 66. Suppose 2*r - 174 = -x. Suppose -3*m - m = -r. What is the units digit of m?
7
Suppose 5*q - 2*x = 10*q - 1694, 0 = -2*q + 4*x + 692. What is the hundreds digit of q?
3
Let z = 5316 - 841. What is the tens digit of z?
7
Suppose 7*w = 5*w + 24. Suppose v - w = -3*v. Suppose m - 224 = -v*m. What is the tens digit of m?
5
Suppose -2*n + 10 = -0*n. Let q be 1/n - (-2)/(-10). Let w(b